{"id":2080,"date":"2024-01-22T21:52:45","date_gmt":"2024-01-22T20:52:45","guid":{"rendered":"https:\/\/sicsa.cr\/espanol\/?page_id=2080"},"modified":"2026-01-27T23:59:57","modified_gmt":"2026-01-27T22:59:57","slug":"in-plant","status":"publish","type":"page","link":"https:\/\/sicsa.cr\/espanol\/in-plant\/","title":{"rendered":"Servicio In-Plant Importaciones y Exportaciones"},"content":{"rendered":"<div class=\"wpb-content-wrapper\"><p>[vc_row full_width=&#8221;stretch_row&#8221; css=&#8221;.vc_custom_1705941137297{margin-top: -70px !important;padding-top: 60px !important;padding-bottom: 60px !important;background-color: #f9f9f9 !important;}&#8221;][vc_column][vc_row_inner][vc_column_inner width=&#8221;1\/2&#8243;][vc_column_text]<\/p>\n<h4 style=\"text-align: justify;\">Ofrecemos el servicio de In Plant para el \u00e1rea de \u201cencargado de importaciones\/exportaciones\u201d velando por una excelente dominio en temas log\u00edsticos y aduanales.<\/h4>\n<p>&nbsp;<\/p>\n<p style=\"text-align: justify;\">Esto facilita la comunicaci\u00f3n entre usted como cliente y nosotros como su Operador Log\u00edstico. Favorece la seguridad y la calidad en que el proceso log\u00edstico y aduanero sea eficaz, ordenado y respaldado por la legislaci\u00f3n del pa\u00eds donde se encuentra y vaya su embarque.<\/p>\n<p>&nbsp;<\/p>\n<p style=\"text-align: justify;\">Esta implementaci\u00f3n ayuda, sin duda, \u00a0a mejorar la eficiencia, reducir costos, mejorar la comunicaci\u00f3n y la colaboraci\u00f3n entre las partes involucradas, y satisfacer las necesidades espec\u00edficas del cliente o la industria en la que opera.<\/p>\n<p>[\/vc_column_text][\/vc_column_inner][vc_column_inner width=&#8221;1\/2&#8243;][vc_single_image image=&#8221;2181&#8243; img_size=&#8221;700 x 500&#8243; style=&#8221;vc_box_rounded&#8221;][\/vc_column_inner][\/vc_row_inner][\/vc_column][\/vc_row][vc_row][vc_column][vc_column_text]<\/p>\n<h3 style=\"text-align: center;\">Alianzas y Certificaciones<\/h3>\n<p>[\/vc_column_text][vc_single_image image=&#8221;2433&#8243; img_size=&#8221;full&#8221; alignment=&#8221;center&#8221;][\/vc_column][\/vc_row][vc_row css=&#8221;.vc_custom_1727976113715{padding-top: 60px !important;padding-bottom: 60px !important;}&#8221;][vc_column][vc_column_text]<\/p>\n<h2 style=\"text-align: center;\">Preguntas Frecuentes<\/h2>\n<p>[\/vc_column_text][vc_tta_accordion color=&#8221;blue&#8221; spacing=&#8221;1&#8243; gap=&#8221;1&#8243; active_section=&#8221;&#8221; no_fill=&#8221;true&#8221; collapsible_all=&#8221;true&#8221;][vc_tta_section title=&#8221;\u00bfQu\u00e9 es el servicio In Plant para la importaci\u00f3n\/exportaci\u00f3n?&#8221; tab_id=&#8221;1727975820359-549bcd2b-6697&#8243;][vc_column_text]El servicio In Plant para la importaci\u00f3n\/exportaci\u00f3n se ofrece para la gesti\u00f3n log\u00edstica y aduanera, facilitando la comunicaci\u00f3n entre el cliente y el operador log\u00edstico.[\/vc_column_text][\/vc_tta_section][vc_tta_section title=&#8221;\u00bfCu\u00e1l es el objetivo principal del servicio In Plant?&#8221; tab_id=&#8221;1727975917484-2566b1b7-0d12&#8243;][vc_column_text]El objetivo principal es asegurar que el proceso log\u00edstico y aduanero sea eficiente, ordenado y cumpla con la legislaci\u00f3n del pa\u00eds de origen y destino del env\u00edo.[\/vc_column_text][\/vc_tta_section][vc_tta_section title=&#8221;\u00bfC\u00f3mo mejora el servicio In Plant la eficiencia en el proceso log\u00edstico?&#8221; tab_id=&#8221;1727975916932-c3d4d486-8ce9&#8243;][vc_column_text]El servicio mejora la eficiencia al reducir costos, mejorar la comunicaci\u00f3n y colaboraci\u00f3n entre las partes involucradas y satisfacer las necesidades espec\u00edficas del cliente o la industria.[\/vc_column_text][\/vc_tta_section][vc_tta_section title=&#8221;\u00bfQu\u00e9 ventajas ofrece el servicio In Plant en t\u00e9rminos de seguridad y calidad?&#8221; tab_id=&#8221;1727975916237-4b503bf2-96cb&#8221;][vc_column_text]El servicio garantiza que el proceso log\u00edstico y aduanero sea seguro y de alta calidad al cumplir con la legislaci\u00f3n y los requisitos del pa\u00eds donde se encuentra y hacia donde se env\u00eda la mercanc\u00eda.[\/vc_column_text][\/vc_tta_section][vc_tta_section title=&#8221;\u00bfC\u00f3mo facilita el servicio In Plant la comunicaci\u00f3n entre el cliente y el operador log\u00edstico?&#8221; tab_id=&#8221;1727975915404-dd05e5a0-3741&#8243;][vc_column_text]Facilita la comunicaci\u00f3n al ofrecer un control directo y un manejo m\u00e1s eficiente de los asuntos log\u00edsticos y aduaneros, actuando como un enlace entre el cliente y el operador.[\/vc_column_text][\/vc_tta_section][vc_tta_section title=&#8221;\u00bfQu\u00e9 tipo de legislaci\u00f3n se asegura de cumplir el servicio In Plant?&#8221; tab_id=&#8221;1727975914686-bc076a66-72a5&#8243;][vc_column_text]El servicio asegura el cumplimiento de la legislaci\u00f3n del pa\u00eds donde se encuentra el env\u00edo y del pa\u00eds al que se va a enviar.[\/vc_column_text][\/vc_tta_section][vc_tta_section title=&#8221;\u00bfQu\u00e9 impacto tiene el servicio In Plant en la colaboraci\u00f3n entre las partes involucradas?&#8221; tab_id=&#8221;1727975914000-809f737a-d560&#8243;][vc_column_text]El servicio mejora la colaboraci\u00f3n entre las partes al establecer una comunicaci\u00f3n m\u00e1s clara y directa, lo que facilita la resoluci\u00f3n de problemas y la coordinaci\u00f3n.[\/vc_column_text][\/vc_tta_section][vc_tta_section title=&#8221;\u00bfC\u00f3mo contribuye el servicio In Plant a la reducci\u00f3n de costos?&#8221; tab_id=&#8221;1727975913326-a3cc8deb-cf6f&#8221;][vc_column_text]Contribuye a la reducci\u00f3n de costos al optimizar el proceso log\u00edstico y aduanero, eliminando ineficiencias y costos innecesarios.[\/vc_column_text][\/vc_tta_section][vc_tta_section title=&#8221;\u00bfQu\u00e9 tipo de clientes pueden beneficiarse del servicio In Plant?&#8221; tab_id=&#8221;1727975912675-ab2ddc1d-f148&#8243;][vc_column_text]Cualquier cliente que requiera una gesti\u00f3n eficiente de la importaci\u00f3n y exportaci\u00f3n y que necesite cumplir con requisitos aduaneros y log\u00edsticos puede beneficiarse de este servicio.[\/vc_column_text][\/vc_tta_section][vc_tta_section title=&#8221;\u00bfEn qu\u00e9 industrias es particularmente \u00fatil el servicio In Plant?&#8221; tab_id=&#8221;1727975912008-5e1ed813-48ed&#8221;][vc_column_text]Es \u00fatil en industrias donde la log\u00edstica y el cumplimiento aduanero son cr\u00edticos, incluyendo manufactura, comercio internacional y sectores que manejan grandes vol\u00famenes de mercanc\u00edas.[\/vc_column_text][\/vc_tta_section][\/vc_tta_accordion][\/vc_column][\/vc_row]<\/p>\n<\/div>","protected":false},"excerpt":{"rendered":"<p>[vc_row full_width=&#8221;stretch_row&#8221; css=&#8221;.vc_custom_1705941137297{margin-top: -70px !important;padding-top: 60px !important;padding-bottom: 60px !important;background-color: #f9f9f9 !important;}&#8221;][vc_column][vc_row_inner][vc_column_inner width=&#8221;1\/2&#8243;][vc_column_text] Ofrecemos el servicio de In Plant para el \u00e1rea de \u201cencargado de importaciones\/exportaciones\u201d velando por una excelente dominio en temas log\u00edsticos y aduanales. &nbsp; Esto facilita la comunicaci\u00f3n entre usted como cliente y nosotros como su Operador Log\u00edstico. Favorece la seguridad y la&hellip;<\/p>\n","protected":false},"author":2,"featured_media":0,"parent":0,"menu_order":0,"comment_status":"closed","ping_status":"closed","template":"","meta":{"_acf_changed":false,"_joinchat":[],"footnotes":""},"class_list":["post-2080","page","type-page","status-publish","hentry","description-off"],"acf":[],"yoast_head":"<!-- This site is optimized with the Yoast SEO plugin v24.9 - https:\/\/yoast.com\/wordpress\/plugins\/seo\/ -->\n<title>SICSA | In-Plant I Importaciones, Exportaciones Agencia de Aduanas<\/title>\n<meta name=\"description\" content=\"Ofrecemos el servicio In-Plant para la gesti\u00f3n de importaciones\/exportaciones asegurando un excelente dominio de los temas log\u00edsticos y aduaneros. As\u00f3ciese con nosotros para una log\u00edstica global de excelente calidad y conocimiento.\" \/>\n<meta name=\"robots\" content=\"index, follow, max-snippet:-1, max-image-preview:large, max-video-preview:-1\" \/>\n<link rel=\"canonical\" href=\"https:\/\/sicsa.cr\/espanol\/in-plant\/\" \/>\n<meta property=\"og:locale\" content=\"en_US\" \/>\n<meta property=\"og:type\" content=\"article\" \/>\n<meta property=\"og:title\" content=\"SICSA | In-Plant I Importaciones, Exportaciones Agencia de Aduanas\" \/>\n<meta property=\"og:description\" content=\"Ofrecemos el servicio In-Plant para la gesti\u00f3n de importaciones\/exportaciones asegurando un excelente dominio de los temas log\u00edsticos y aduaneros. As\u00f3ciese con nosotros para una log\u00edstica global de excelente calidad y conocimiento.\" \/>\n<meta property=\"og:url\" content=\"https:\/\/sicsa.cr\/espanol\/in-plant\/\" \/>\n<meta property=\"og:site_name\" content=\"SICSA\" \/>\n<meta property=\"article:publisher\" content=\"https:\/\/www.facebook.com\/SICSAINTERNACIONAL\" \/>\n<meta property=\"article:modified_time\" content=\"2026-01-27T22:59:57+00:00\" \/>\n<meta property=\"og:image\" content=\"https:\/\/sicsa.cr\/espanol\/wp-content\/uploads\/2023\/12\/logo-sicsa-alta.jpg\" \/>\n\t<meta property=\"og:image:width\" content=\"500\" \/>\n\t<meta property=\"og:image:height\" content=\"221\" \/>\n\t<meta property=\"og:image:type\" content=\"image\/jpeg\" \/>\n<meta name=\"twitter:card\" content=\"summary_large_image\" \/>\n<meta name=\"twitter:label1\" content=\"Est. reading time\" \/>\n\t<meta name=\"twitter:data1\" content=\"3 minutes\" \/>\n<script type=\"application\/ld+json\" class=\"yoast-schema-graph\">{\"@context\":\"https:\/\/schema.org\",\"@graph\":[{\"@type\":\"WebPage\",\"@id\":\"https:\/\/sicsa.cr\/espanol\/in-plant\/\",\"url\":\"https:\/\/sicsa.cr\/espanol\/in-plant\/\",\"name\":\"SICSA | In-Plant I Importaciones, Exportaciones Agencia de Aduanas\",\"isPartOf\":{\"@id\":\"https:\/\/sicsa.cr\/espanol\/#website\"},\"datePublished\":\"2024-01-22T20:52:45+00:00\",\"dateModified\":\"2026-01-27T22:59:57+00:00\",\"description\":\"Ofrecemos el servicio In-Plant para la gesti\u00f3n de importaciones\/exportaciones asegurando un excelente dominio de los temas log\u00edsticos y aduaneros. As\u00f3ciese con nosotros para una log\u00edstica global de excelente calidad y conocimiento.\",\"breadcrumb\":{\"@id\":\"https:\/\/sicsa.cr\/espanol\/in-plant\/#breadcrumb\"},\"inLanguage\":\"en-US\",\"potentialAction\":[{\"@type\":\"ReadAction\",\"target\":[\"https:\/\/sicsa.cr\/espanol\/in-plant\/\"]}]},{\"@type\":\"BreadcrumbList\",\"@id\":\"https:\/\/sicsa.cr\/espanol\/in-plant\/#breadcrumb\",\"itemListElement\":[{\"@type\":\"ListItem\",\"position\":1,\"name\":\"Home\",\"item\":\"https:\/\/sicsa.cr\/espanol\/\"},{\"@type\":\"ListItem\",\"position\":2,\"name\":\"Servicio In-Plant Importaciones y Exportaciones\"}]},{\"@type\":\"WebSite\",\"@id\":\"https:\/\/sicsa.cr\/espanol\/#website\",\"url\":\"https:\/\/sicsa.cr\/espanol\/\",\"name\":\"SICSA Operador Log\u00edstico Internacional | Desde 1976\",\"description\":\"Operador Log\u00edstico Internacional\",\"publisher\":{\"@id\":\"https:\/\/sicsa.cr\/espanol\/#organization\"},\"potentialAction\":[{\"@type\":\"SearchAction\",\"target\":{\"@type\":\"EntryPoint\",\"urlTemplate\":\"https:\/\/sicsa.cr\/espanol\/?s={search_term_string}\"},\"query-input\":{\"@type\":\"PropertyValueSpecification\",\"valueRequired\":true,\"valueName\":\"search_term_string\"}}],\"inLanguage\":\"en-US\"},{\"@type\":\"Organization\",\"@id\":\"https:\/\/sicsa.cr\/espanol\/#organization\",\"name\":\"SICSA\",\"url\":\"https:\/\/sicsa.cr\/espanol\/\",\"logo\":{\"@type\":\"ImageObject\",\"inLanguage\":\"en-US\",\"@id\":\"https:\/\/sicsa.cr\/espanol\/#\/schema\/logo\/image\/\",\"url\":\"https:\/\/sicsa.cr\/espanol\/wp-content\/uploads\/2023\/12\/logo-small-1.png\",\"contentUrl\":\"https:\/\/sicsa.cr\/espanol\/wp-content\/uploads\/2023\/12\/logo-small-1.png\",\"width\":177,\"height\":80,\"caption\":\"SICSA\"},\"image\":{\"@id\":\"https:\/\/sicsa.cr\/espanol\/#\/schema\/logo\/image\/\"},\"sameAs\":[\"https:\/\/www.facebook.com\/SICSAINTERNACIONAL\",\"https:\/\/www.linkedin.com\/company\/sicsainternacional1976\/\",\"https:\/\/www.instagram.com\/sicsainternacional\/\"]}]}<\/script>\n<!-- \/ Yoast SEO plugin. -->","yoast_head_json":{"title":"SICSA | In-Plant I Importaciones, Exportaciones Agencia de Aduanas","description":"Ofrecemos el servicio In-Plant para la gesti\u00f3n de importaciones\/exportaciones asegurando un excelente dominio de los temas log\u00edsticos y aduaneros. As\u00f3ciese con nosotros para una log\u00edstica global de excelente calidad y conocimiento.","robots":{"index":"index","follow":"follow","max-snippet":"max-snippet:-1","max-image-preview":"max-image-preview:large","max-video-preview":"max-video-preview:-1"},"canonical":"https:\/\/sicsa.cr\/espanol\/in-plant\/","og_locale":"en_US","og_type":"article","og_title":"SICSA | In-Plant I Importaciones, Exportaciones Agencia de Aduanas","og_description":"Ofrecemos el servicio In-Plant para la gesti\u00f3n de importaciones\/exportaciones asegurando un excelente dominio de los temas log\u00edsticos y aduaneros. As\u00f3ciese con nosotros para una log\u00edstica global de excelente calidad y conocimiento.","og_url":"https:\/\/sicsa.cr\/espanol\/in-plant\/","og_site_name":"SICSA","article_publisher":"https:\/\/www.facebook.com\/SICSAINTERNACIONAL","article_modified_time":"2026-01-27T22:59:57+00:00","og_image":[{"width":500,"height":221,"url":"https:\/\/sicsa.cr\/espanol\/wp-content\/uploads\/2023\/12\/logo-sicsa-alta.jpg","type":"image\/jpeg"}],"twitter_card":"summary_large_image","twitter_misc":{"Est. reading time":"3 minutes"},"schema":{"@context":"https:\/\/schema.org","@graph":[{"@type":"WebPage","@id":"https:\/\/sicsa.cr\/espanol\/in-plant\/","url":"https:\/\/sicsa.cr\/espanol\/in-plant\/","name":"SICSA | In-Plant I Importaciones, Exportaciones Agencia de Aduanas","isPartOf":{"@id":"https:\/\/sicsa.cr\/espanol\/#website"},"datePublished":"2024-01-22T20:52:45+00:00","dateModified":"2026-01-27T22:59:57+00:00","description":"Ofrecemos el servicio In-Plant para la gesti\u00f3n de importaciones\/exportaciones asegurando un excelente dominio de los temas log\u00edsticos y aduaneros. As\u00f3ciese con nosotros para una log\u00edstica global de excelente calidad y conocimiento.","breadcrumb":{"@id":"https:\/\/sicsa.cr\/espanol\/in-plant\/#breadcrumb"},"inLanguage":"en-US","potentialAction":[{"@type":"ReadAction","target":["https:\/\/sicsa.cr\/espanol\/in-plant\/"]}]},{"@type":"BreadcrumbList","@id":"https:\/\/sicsa.cr\/espanol\/in-plant\/#breadcrumb","itemListElement":[{"@type":"ListItem","position":1,"name":"Home","item":"https:\/\/sicsa.cr\/espanol\/"},{"@type":"ListItem","position":2,"name":"Servicio In-Plant Importaciones y Exportaciones"}]},{"@type":"WebSite","@id":"https:\/\/sicsa.cr\/espanol\/#website","url":"https:\/\/sicsa.cr\/espanol\/","name":"SICSA Operador Log\u00edstico Internacional | Desde 1976","description":"Operador Log\u00edstico Internacional","publisher":{"@id":"https:\/\/sicsa.cr\/espanol\/#organization"},"potentialAction":[{"@type":"SearchAction","target":{"@type":"EntryPoint","urlTemplate":"https:\/\/sicsa.cr\/espanol\/?s={search_term_string}"},"query-input":{"@type":"PropertyValueSpecification","valueRequired":true,"valueName":"search_term_string"}}],"inLanguage":"en-US"},{"@type":"Organization","@id":"https:\/\/sicsa.cr\/espanol\/#organization","name":"SICSA","url":"https:\/\/sicsa.cr\/espanol\/","logo":{"@type":"ImageObject","inLanguage":"en-US","@id":"https:\/\/sicsa.cr\/espanol\/#\/schema\/logo\/image\/","url":"https:\/\/sicsa.cr\/espanol\/wp-content\/uploads\/2023\/12\/logo-small-1.png","contentUrl":"https:\/\/sicsa.cr\/espanol\/wp-content\/uploads\/2023\/12\/logo-small-1.png","width":177,"height":80,"caption":"SICSA"},"image":{"@id":"https:\/\/sicsa.cr\/espanol\/#\/schema\/logo\/image\/"},"sameAs":["https:\/\/www.facebook.com\/SICSAINTERNACIONAL","https:\/\/www.linkedin.com\/company\/sicsainternacional1976\/","https:\/\/www.instagram.com\/sicsainternacional\/"]}]}},"_links":{"self":[{"href":"https:\/\/sicsa.cr\/espanol\/wp-json\/wp\/v2\/pages\/2080","targetHints":{"allow":["GET"]}}],"collection":[{"href":"https:\/\/sicsa.cr\/espanol\/wp-json\/wp\/v2\/pages"}],"about":[{"href":"https:\/\/sicsa.cr\/espanol\/wp-json\/wp\/v2\/types\/page"}],"author":[{"embeddable":true,"href":"https:\/\/sicsa.cr\/espanol\/wp-json\/wp\/v2\/users\/2"}],"replies":[{"embeddable":true,"href":"https:\/\/sicsa.cr\/espanol\/wp-json\/wp\/v2\/comments?post=2080"}],"version-history":[{"count":8,"href":"https:\/\/sicsa.cr\/espanol\/wp-json\/wp\/v2\/pages\/2080\/revisions"}],"predecessor-version":[{"id":2442,"href":"https:\/\/sicsa.cr\/espanol\/wp-json\/wp\/v2\/pages\/2080\/revisions\/2442"}],"wp:attachment":[{"href":"https:\/\/sicsa.cr\/espanol\/wp-json\/wp\/v2\/media?parent=2080"}],"curies":[{"name":"wp","href":"https:\/\/api.w.org\/{rel}","templated":true}]}}